{"id":2914,"date":"2026-04-22T12:33:29","date_gmt":"2026-04-22T10:33:29","guid":{"rendered":"https:\/\/rw-editions.be\/?page_id=2914"},"modified":"2026-04-22T12:39:07","modified_gmt":"2026-04-22T10:39:07","slug":"une-belle-histoire","status":"publish","type":"page","link":"https:\/\/rw-editions.be\/index.php\/une-belle-histoire\/","title":{"rendered":"Une belle histoire"},"content":{"rendered":"<h1><img loading=\"lazy\" decoding=\"async\" class=\"alignleft wp-image-2883\" src=\"https:\/\/rw-editions.be\/wp-content\/uploads\/2026\/04\/d9e7626c-92e9-4618-ac85-cd110c256cef-300x200.jpg\" alt=\"\" width=\"450\" height=\"300\" srcset=\"https:\/\/rw-editions.be\/wp-content\/uploads\/2026\/04\/d9e7626c-92e9-4618-ac85-cd110c256cef-300x200.jpg 300w, https:\/\/rw-editions.be\/wp-content\/uploads\/2026\/04\/d9e7626c-92e9-4618-ac85-cd110c256cef-1024x683.jpg 1024w, https:\/\/rw-editions.be\/wp-content\/uploads\/2026\/04\/d9e7626c-92e9-4618-ac85-cd110c256cef-768x512.jpg 768w, https:\/\/rw-editions.be\/wp-content\/uploads\/2026\/04\/d9e7626c-92e9-4618-ac85-cd110c256cef-1320x880.jpg 1320w, https:\/\/rw-editions.be\/wp-content\/uploads\/2026\/04\/d9e7626c-92e9-4618-ac85-cd110c256cef.jpg 1536w\" sizes=\"auto, (max-width: 450px) 100vw, 450px\" \/><\/h1>\n<h1>No\u00ebl, \u00e7a commence toujours par une belle histoire.<\/h1>\n<p>Pas forc\u00e9ment celle qu\u2019on raconte \u00e0 voix haute, ni celle qu\u2019on trouve dans les livres illustr\u00e9s aux pages dor\u00e9es, mais une histoire plus discr\u00e8te, presque secr\u00e8te, qui na\u00eet quelque part entre les souvenirs et les attentes. C\u2019est une histoire qui prend racine bien avant le 25 d\u00e9cembre, parfois d\u00e8s les premiers froids de novembre, quand l\u2019air devient plus vif et que les journ\u00e9es raccourcissent.<\/p>\n<p>Cette histoire commence souvent par un d\u00e9tail. Une odeur de cannelle dans une cuisine, une guirlande qu\u2019on ressort d\u2019une bo\u00eete un peu poussi\u00e9reuse, une chanson qu\u2019on entend par hasard et qui r\u00e9veille quelque chose de doux et d\u2019ancien. Et soudain, sans vraiment s\u2019en rendre compte, on entre dans ce r\u00e9cit collectif, celui que des millions de personnes partagent, chacun \u00e0 leur mani\u00e8re. Dans cette belle histoire, il y a toujours une part de nostalgie. On se souvient des No\u00ebls pass\u00e9s, de ceux de l\u2019enfance o\u00f9 tout semblait plus grand, plus lumineux, presque magique. Les cadeaux n\u2019\u00e9taient pas forc\u00e9ment plus nombreux, mais ils avaient une importance diff\u00e9rente. Les regards \u00e9taient remplis d\u2019\u00e9merveillement, et le temps semblait suspendu, comme si rien d\u2019autre n\u2019existait que ce moment pr\u00e9cis.<\/p>\n<p>Mais No\u00ebl ne se limite pas au pass\u00e9. C\u2019est aussi une histoire qui se r\u00e9\u00e9crit chaque ann\u00e9e. Les r\u00f4les changent : ceux qui recevaient deviennent ceux qui offrent, ceux qui \u00e9taient enfants deviennent ceux qui cr\u00e9ent la magie pour les autres. Et dans ce passage, il y a quelque chose de profond\u00e9ment humain \u2014 le d\u00e9sir de transmettre, de faire plaisir, de recr\u00e9er cette \u00e9tincelle qu\u2019on a soi-m\u00eame connue. Il y a aussi, dans cette histoire, une dimension presque universelle. Peu importe les cultures ou les traditions, No\u00ebl \u00e9voque souvent les m\u00eames id\u00e9es : la chaleur, le partage, la g\u00e9n\u00e9rosit\u00e9. M\u00eame ceux qui ne c\u00e9l\u00e8brent pas No\u00ebl ressentent parfois cette atmosph\u00e8re particuli\u00e8re, comme une pause dans le rythme du monde, un moment o\u00f9 l\u2019on ralentit, o\u00f9 l\u2019on regarde autour de soi avec un peu plus d\u2019attention. Et puis, il y a les petites imperfections, qui font aussi partie de l\u2019histoire. Les repas qui ne se passent pas exactement comme pr\u00e9vu, les discussions anim\u00e9es, les cadeaux inattendus \u2014 parfois dans le bon sens, parfois non. Mais ce sont justement ces d\u00e9tails-l\u00e0 qui rendent chaque No\u00ebl unique, r\u00e9el, vivant. Une belle histoire n\u2019est jamais parfaitement lisse ; elle est faite de nuances, de surprises, d\u2019\u00e9motions m\u00eal\u00e9es.<\/p>\n<p>Au fond, si No\u00ebl commence toujours par une belle histoire, c\u2019est parce que chacun en porte une en soi. Une histoire faite de souvenirs, d\u2019espoirs, de liens avec les autres. Une histoire qui se construit lentement, ann\u00e9e apr\u00e8s ann\u00e9e, et qui continue d\u2019\u00e9voluer, m\u00eame quand les d\u00e9corations sont rang\u00e9es et que l\u2019hiver suit son cours. Et peut-\u00eatre que la vraie magie de No\u00ebl r\u00e9side l\u00e0 : dans cette capacit\u00e9 \u00e0 raconter, encore et encore, une histoire qui nous rassemble, qui nous apaise, et qui, malgr\u00e9 le temps qui passe, reste toujours un peu lumineuse.<\/p>\n<p><a href=\"https:\/\/rw-editions.be\/index.php\/noel-les-origines\/\"><img loading=\"lazy\" decoding=\"async\" class=\"alignnone wp-image-2631\" src=\"https:\/\/rw-editions.be\/wp-content\/uploads\/2026\/04\/pageaccueil-noellesorigines-376x1024.png\" alt=\"\" width=\"200\" height=\"545\" srcset=\"https:\/\/rw-editions.be\/wp-content\/uploads\/2026\/04\/pageaccueil-noellesorigines-376x1024.png 376w, https:\/\/rw-editions.be\/wp-content\/uploads\/2026\/04\/pageaccueil-noellesorigines-110x300.png 110w, https:\/\/rw-editions.be\/wp-content\/uploads\/2026\/04\/pageaccueil-noellesorigines-768x2091.png 768w, https:\/\/rw-editions.be\/wp-content\/uploads\/2026\/04\/pageaccueil-noellesorigines-564x1536.png 564w, https:\/\/rw-editions.be\/wp-content\/uploads\/2026\/04\/pageaccueil-noellesorigines-752x2048.png 752w, https:\/\/rw-editions.be\/wp-content\/uploads\/2026\/04\/pageaccueil-noellesorigines-1320x3594.png 1320w, https:\/\/rw-editions.be\/wp-content\/uploads\/2026\/04\/pageaccueil-noellesorigines-300x817.png 300w, https:\/\/rw-editions.be\/wp-content\/uploads\/2026\/04\/pageaccueil-noellesorigines-scaled.png 940w\" sizes=\"auto, (max-width: 200px) 100vw, 200px\" \/><\/a> <a href=\"https:\/\/rw-editions.be\/index.php\/pournoelcetteannee\/\"><img loading=\"lazy\" decoding=\"async\" class=\"alignnone wp-image-2632\" src=\"https:\/\/rw-editions.be\/wp-content\/uploads\/2026\/04\/pageaccueil-pournoelcetteannee-376x1024.png\" alt=\"\" width=\"200\" height=\"545\" srcset=\"https:\/\/rw-editions.be\/wp-content\/uploads\/2026\/04\/pageaccueil-pournoelcetteannee-376x1024.png 376w, https:\/\/rw-editions.be\/wp-content\/uploads\/2026\/04\/pageaccueil-pournoelcetteannee-110x300.png 110w, https:\/\/rw-editions.be\/wp-content\/uploads\/2026\/04\/pageaccueil-pournoelcetteannee-768x2091.png 768w, https:\/\/rw-editions.be\/wp-content\/uploads\/2026\/04\/pageaccueil-pournoelcetteannee-564x1536.png 564w, https:\/\/rw-editions.be\/wp-content\/uploads\/2026\/04\/pageaccueil-pournoelcetteannee-752x2048.png 752w, https:\/\/rw-editions.be\/wp-content\/uploads\/2026\/04\/pageaccueil-pournoelcetteannee-1320x3594.png 1320w, https:\/\/rw-editions.be\/wp-content\/uploads\/2026\/04\/pageaccueil-pournoelcetteannee-300x817.png 300w, https:\/\/rw-editions.be\/wp-content\/uploads\/2026\/04\/pageaccueil-pournoelcetteannee-scaled.png 940w\" sizes=\"auto, (max-width: 200px) 100vw, 200px\" \/><\/a> <a href=\"https:\/\/rw-editions.be\/index.php\/les-lutins-farceurs\/\"><img loading=\"lazy\" decoding=\"async\" class=\"alignnone wp-image-2633\" src=\"https:\/\/rw-editions.be\/wp-content\/uploads\/2026\/04\/pageaccueil-lutins2-376x1024.png\" alt=\"\" width=\"200\" height=\"545\" srcset=\"https:\/\/rw-editions.be\/wp-content\/uploads\/2026\/04\/pageaccueil-lutins2-376x1024.png 376w, https:\/\/rw-editions.be\/wp-content\/uploads\/2026\/04\/pageaccueil-lutins2-110x300.png 110w, https:\/\/rw-editions.be\/wp-content\/uploads\/2026\/04\/pageaccueil-lutins2-768x2091.png 768w, https:\/\/rw-editions.be\/wp-content\/uploads\/2026\/04\/pageaccueil-lutins2-564x1536.png 564w, https:\/\/rw-editions.be\/wp-content\/uploads\/2026\/04\/pageaccueil-lutins2-752x2048.png 752w, https:\/\/rw-editions.be\/wp-content\/uploads\/2026\/04\/pageaccueil-lutins2-1320x3594.png 1320w, https:\/\/rw-editions.be\/wp-content\/uploads\/2026\/04\/pageaccueil-lutins2-300x817.png 300w, https:\/\/rw-editions.be\/wp-content\/uploads\/2026\/04\/pageaccueil-lutins2-scaled.png 940w\" sizes=\"auto, (max-width: 200px) 100vw, 200px\" \/><\/a> <a href=\"https:\/\/rw-editions.be\/index.php\/les-lutins-farceurs\/\"><img loading=\"lazy\" decoding=\"async\" class=\"alignnone wp-image-2671\" src=\"https:\/\/rw-editions.be\/wp-content\/uploads\/2026\/04\/pageaccueil-lutins1-376x1024.png\" alt=\"\" width=\"200\" height=\"545\" srcset=\"https:\/\/rw-editions.be\/wp-content\/uploads\/2026\/04\/pageaccueil-lutins1-376x1024.png 376w, https:\/\/rw-editions.be\/wp-content\/uploads\/2026\/04\/pageaccueil-lutins1-110x300.png 110w, https:\/\/rw-editions.be\/wp-content\/uploads\/2026\/04\/pageaccueil-lutins1-768x2091.png 768w, https:\/\/rw-editions.be\/wp-content\/uploads\/2026\/04\/pageaccueil-lutins1-564x1536.png 564w, https:\/\/rw-editions.be\/wp-content\/uploads\/2026\/04\/pageaccueil-lutins1-752x2048.png 752w, https:\/\/rw-editions.be\/wp-content\/uploads\/2026\/04\/pageaccueil-lutins1-1320x3594.png 1320w, https:\/\/rw-editions.be\/wp-content\/uploads\/2026\/04\/pageaccueil-lutins1-300x817.png 300w, https:\/\/rw-editions.be\/wp-content\/uploads\/2026\/04\/pageaccueil-lutins1-scaled.png 940w\" sizes=\"auto, (max-width: 200px) 100vw, 200px\" \/><\/a><\/p>\n","protected":false},"excerpt":{"rendered":"<p>No\u00ebl, \u00e7a commence toujours par une belle histoire. Pas forc\u00e9ment celle qu\u2019on raconte \u00e0 voix haute, ni celle qu\u2019on trouve dans les livres illustr\u00e9s aux pages dor\u00e9es, mais une histoire plus discr\u00e8te, presque secr\u00e8te, qui na\u00eet quelque part entre les souvenirs et les attentes. C\u2019est une histoire qui prend racine bien avant le 25 d\u00e9cembre, [&hellip;]<\/p>\n","protected":false},"author":3,"featured_media":0,"parent":0,"menu_order":0,"comment_status":"closed","ping_status":"closed","template":"","meta":{"footnotes":""},"class_list":["post-2914","page","type-page","status-publish","hentry"],"jetpack_sharing_enabled":true,"_links":{"self":[{"href":"https:\/\/rw-editions.be\/index.php\/wp-json\/wp\/v2\/pages\/2914","targetHints":{"allow":["GET"]}}],"collection":[{"href":"https:\/\/rw-editions.be\/index.php\/wp-json\/wp\/v2\/pages"}],"about":[{"href":"https:\/\/rw-editions.be\/index.php\/wp-json\/wp\/v2\/types\/page"}],"author":[{"embeddable":true,"href":"https:\/\/rw-editions.be\/index.php\/wp-json\/wp\/v2\/users\/3"}],"replies":[{"embeddable":true,"href":"https:\/\/rw-editions.be\/index.php\/wp-json\/wp\/v2\/comments?post=2914"}],"version-history":[{"count":5,"href":"https:\/\/rw-editions.be\/index.php\/wp-json\/wp\/v2\/pages\/2914\/revisions"}],"predecessor-version":[{"id":2920,"href":"https:\/\/rw-editions.be\/index.php\/wp-json\/wp\/v2\/pages\/2914\/revisions\/2920"}],"wp:attachment":[{"href":"https:\/\/rw-editions.be\/index.php\/wp-json\/wp\/v2\/media?parent=2914"}],"curies":[{"name":"wp","href":"https:\/\/api.w.org\/{rel}","templated":true}]}}