{"id":2749,"date":"2026-04-17T14:02:03","date_gmt":"2026-04-17T12:02:03","guid":{"rendered":"https:\/\/rw-editions.be\/?page_id=2749"},"modified":"2026-04-17T14:30:58","modified_gmt":"2026-04-17T12:30:58","slug":"autoedition","status":"publish","type":"page","link":"https:\/\/rw-editions.be\/index.php\/autoedition\/","title":{"rendered":"L&rsquo;AUTOEDITION"},"content":{"rendered":"<p><img loading=\"lazy\" decoding=\"async\" class=\"size-medium wp-image-2783 aligncenter\" src=\"https:\/\/rw-editions.be\/wp-content\/uploads\/2026\/04\/autoeditie-265x300.png\" alt=\"\" width=\"265\" height=\"300\" srcset=\"https:\/\/rw-editions.be\/wp-content\/uploads\/2026\/04\/autoeditie-265x300.png 265w, https:\/\/rw-editions.be\/wp-content\/uploads\/2026\/04\/autoeditie-904x1024.png 904w, https:\/\/rw-editions.be\/wp-content\/uploads\/2026\/04\/autoeditie-768x870.png 768w, https:\/\/rw-editions.be\/wp-content\/uploads\/2026\/04\/autoeditie-300x340.png 300w, https:\/\/rw-editions.be\/wp-content\/uploads\/2026\/04\/autoeditie.png 980w\" sizes=\"auto, (max-width: 265px) 100vw, 265px\" \/>\u00catre un auteur auto\u00e9dit\u00e9 est une aventure \u00e0 la fois exaltante et sem\u00e9e d\u2019emb\u00fbches. Si l\u2019ind\u00e9pendance offre une libert\u00e9 totale sur son \u0153uvre, elle s\u2019accompagne \u00e9galement de responsabilit\u00e9s importantes. Loin du confort d\u2019une maison d\u2019\u00e9dition, l\u2019auteur doit endosser plusieurs r\u00f4les : \u00e9crivain, \u00e9diteur, correcteur, graphiste, marketeur et distributeur. L\u2019un des premiers d\u00e9fis est la cr\u00e9dibilit\u00e9. Sans l\u2019aval d\u2019un \u00e9diteur reconnu, il faut convaincre les lecteurs que son livre m\u00e9rite leur attention. La qualit\u00e9 du texte, la mise en page, la couverture et m\u00eame le r\u00e9sum\u00e9 doivent \u00eatre impeccables, car une premi\u00e8re impression rat\u00e9e peut condamner un ouvrage \u00e0 l\u2019oubli. Ensuite, vient la promotion, souvent per\u00e7ue comme le nerf de la guerre. Sans une \u00e9quipe d\u00e9di\u00e9e, l\u2019auteur doit apprendre \u00e0 naviguer sur les r\u00e9seaux sociaux, construire une communaut\u00e9, solliciter des journalistes, organiser des campagnes publicitaires et participer \u00e0 des salons. Cette visibilit\u00e9, pourtant essentielle, demande du temps et de l\u2019\u00e9nergie, souvent au d\u00e9triment de l\u2019\u00e9criture elle-m\u00eame. La distribution est un autre casse-t\u00eate. Si des plateformes comme Amazon facilitent l\u2019acc\u00e8s au march\u00e9, elles imposent leurs propres r\u00e8gles et prennent une part significative des b\u00e9n\u00e9fices. De plus, sans le r\u00e9seau des librairies physiques, il est difficile de se faire une place aux c\u00f4t\u00e9s des auteurs publi\u00e9s traditionnellement. Enfin, il y a la solitude. L\u2019auto\u00e9dition est un parcours solitaire o\u00f9 l\u2019auteur ne b\u00e9n\u00e9ficie ni du regard bienveillant d\u2019un \u00e9diteur ni du soutien logistique d\u2019une \u00e9quipe. Chaque \u00e9chec, chaque difficult\u00e9 repose uniquement sur ses \u00e9paules, rendant parfois la route d\u00e9courageante. Mais malgr\u00e9 ces obstacles, l\u2019auto\u00e9dition permet une relation unique avec les lecteurs, une libert\u00e9 totale sur son art et la satisfaction de voir son travail aboutir sans compromis. C\u2019est un combat, mais pour ceux qui persistent, c\u2019est aussi une formidable aventure.<\/p>\n<h1><\/h1>\n","protected":false},"excerpt":{"rendered":"<p>\u00catre un auteur auto\u00e9dit\u00e9 est une aventure \u00e0 la fois exaltante et sem\u00e9e d\u2019emb\u00fbches. Si l\u2019ind\u00e9pendance offre une libert\u00e9 totale sur son \u0153uvre, elle s\u2019accompagne \u00e9galement de responsabilit\u00e9s importantes. Loin du confort d\u2019une maison d\u2019\u00e9dition, l\u2019auteur doit endosser plusieurs r\u00f4les : \u00e9crivain, \u00e9diteur, correcteur, graphiste, marketeur et distributeur. L\u2019un des premiers d\u00e9fis est la cr\u00e9dibilit\u00e9. [&hellip;]<\/p>\n","protected":false},"author":3,"featured_media":0,"parent":0,"menu_order":0,"comment_status":"closed","ping_status":"closed","template":"","meta":{"footnotes":""},"class_list":["post-2749","page","type-page","status-publish","hentry"],"jetpack_sharing_enabled":true,"_links":{"self":[{"href":"https:\/\/rw-editions.be\/index.php\/wp-json\/wp\/v2\/pages\/2749","targetHints":{"allow":["GET"]}}],"collection":[{"href":"https:\/\/rw-editions.be\/index.php\/wp-json\/wp\/v2\/pages"}],"about":[{"href":"https:\/\/rw-editions.be\/index.php\/wp-json\/wp\/v2\/types\/page"}],"author":[{"embeddable":true,"href":"https:\/\/rw-editions.be\/index.php\/wp-json\/wp\/v2\/users\/3"}],"replies":[{"embeddable":true,"href":"https:\/\/rw-editions.be\/index.php\/wp-json\/wp\/v2\/comments?post=2749"}],"version-history":[{"count":6,"href":"https:\/\/rw-editions.be\/index.php\/wp-json\/wp\/v2\/pages\/2749\/revisions"}],"predecessor-version":[{"id":2785,"href":"https:\/\/rw-editions.be\/index.php\/wp-json\/wp\/v2\/pages\/2749\/revisions\/2785"}],"wp:attachment":[{"href":"https:\/\/rw-editions.be\/index.php\/wp-json\/wp\/v2\/media?parent=2749"}],"curies":[{"name":"wp","href":"https:\/\/api.w.org\/{rel}","templated":true}]}}