{"id":2415,"date":"2025-10-30T10:54:13","date_gmt":"2025-10-30T09:54:13","guid":{"rendered":"https:\/\/rw-editions.be\/?page_id=2415"},"modified":"2025-11-02T10:25:16","modified_gmt":"2025-11-02T09:25:16","slug":"boutique","status":"publish","type":"page","link":"https:\/\/rw-editions.be\/index.php\/boutique\/","title":{"rendered":"BOUTIQUE"},"content":{"rendered":"<div class=\"woocommerce columns-6 \"><ul class=\"products columns-6\">\n<li class=\"product type-product post-58 status-publish first onbackorder product_cat-non-classe has-post-thumbnail taxable shipping-taxable purchasable product-type-simple\">\n\t<a href=\"https:\/\/rw-editions.be\/index.php\/produit\/livre-test\/\" class=\"woocommerce-LoopProduct-link woocommerce-loop-product__link\"><img loading=\"lazy\" decoding=\"async\" width=\"300\" height=\"300\" src=\"https:\/\/rw-editions.be\/wp-content\/uploads\/2024\/06\/Produit-01-300x300.png\" class=\"attachment-woocommerce_thumbnail size-woocommerce_thumbnail\" alt=\"Noel les Origines\" srcset=\"https:\/\/rw-editions.be\/wp-content\/uploads\/2024\/06\/Produit-01-300x300.png 300w, https:\/\/rw-editions.be\/wp-content\/uploads\/2024\/06\/Produit-01-150x150.png 150w, https:\/\/rw-editions.be\/wp-content\/uploads\/2024\/06\/Produit-01-100x100.png 100w\" sizes=\"auto, (max-width: 300px) 100vw, 300px\" \/><a href=\"\/index.php\/wp-json\/wp\/v2\/pages\/2415?add-to-cart=58\" aria-describedby=\"woocommerce_loop_add_to_cart_link_describedby_58\" data-quantity=\"1\" class=\"button product_type_simple add_to_cart_button ajax_add_to_cart\" data-product_id=\"58\" data-product_sku=\"\" aria-label=\"Ajouter au panier\u00a0: &ldquo;Noel les Origines&rdquo;\" rel=\"nofollow\" data-success_message=\"\u00ab\u00a0Noel les Origines\u00a0\u00bb a \u00e9t\u00e9 ajout\u00e9 \u00e0 votre panier\">Ajouter au panier<\/a>\t<span id=\"woocommerce_loop_add_to_cart_link_describedby_58\" class=\"screen-reader-text\">\n\t\t\t<\/span>\n<h2 class=\"woocommerce-loop-product__title\">Noel les Origines<\/h2>\n\t<span class=\"price\"><span class=\"woocommerce-Price-amount amount\"><bdi><span class=\"woocommerce-Price-currencySymbol\">&euro;<\/span>&nbsp;39,00<\/bdi><\/span><\/span>\n<\/a><\/li>\n<li class=\"product type-product post-429 status-publish instock product_cat-non-classe has-post-thumbnail taxable shipping-taxable purchasable product-type-simple\">\n\t<a href=\"https:\/\/rw-editions.be\/index.php\/produit\/carnet-souvenirs-du-lutin-farceur\/\" class=\"woocommerce-LoopProduct-link woocommerce-loop-product__link\"><img loading=\"lazy\" decoding=\"async\" width=\"300\" height=\"300\" src=\"https:\/\/rw-editions.be\/wp-content\/uploads\/2024\/07\/Produit-03-300x300.png\" class=\"attachment-woocommerce_thumbnail size-woocommerce_thumbnail\" alt=\"Carnet du lutin farceur\" srcset=\"https:\/\/rw-editions.be\/wp-content\/uploads\/2024\/07\/Produit-03-300x300.png 300w, https:\/\/rw-editions.be\/wp-content\/uploads\/2024\/07\/Produit-03-150x150.png 150w, https:\/\/rw-editions.be\/wp-content\/uploads\/2024\/07\/Produit-03-100x100.png 100w\" sizes=\"auto, (max-width: 300px) 100vw, 300px\" \/><a href=\"\/index.php\/wp-json\/wp\/v2\/pages\/2415?add-to-cart=429\" aria-describedby=\"woocommerce_loop_add_to_cart_link_describedby_429\" data-quantity=\"1\" class=\"button product_type_simple add_to_cart_button ajax_add_to_cart\" data-product_id=\"429\" data-product_sku=\"\" aria-label=\"Ajouter au panier\u00a0: &ldquo;Carnet du lutin farceur&rdquo;\" rel=\"nofollow\" data-success_message=\"\u00ab\u00a0Carnet du lutin farceur\u00a0\u00bb a \u00e9t\u00e9 ajout\u00e9 \u00e0 votre panier\">Ajouter au panier<\/a>\t<span id=\"woocommerce_loop_add_to_cart_link_describedby_429\" class=\"screen-reader-text\">\n\t\t\t<\/span>\n<h2 class=\"woocommerce-loop-product__title\">Carnet du lutin farceur<\/h2>\n\t<span class=\"price\"><span class=\"woocommerce-Price-amount amount\"><bdi><span class=\"woocommerce-Price-currencySymbol\">&euro;<\/span>&nbsp;12,00<\/bdi><\/span><\/span>\n<\/a><\/li>\n<li class=\"product type-product post-1750 status-publish instock product_cat-non-classe has-post-thumbnail taxable shipping-taxable purchasable product-type-simple\">\n\t<a href=\"https:\/\/rw-editions.be\/index.php\/produit\/pournoelcetteannee\/\" class=\"woocommerce-LoopProduct-link woocommerce-loop-product__link\"><img loading=\"lazy\" decoding=\"async\" width=\"300\" height=\"300\" src=\"https:\/\/rw-editions.be\/wp-content\/uploads\/2024\/06\/Produit-02-300x300.png\" class=\"attachment-woocommerce_thumbnail size-woocommerce_thumbnail\" alt=\"Pour No\u00ebl cette ann\u00e9e\" srcset=\"https:\/\/rw-editions.be\/wp-content\/uploads\/2024\/06\/Produit-02-300x300.png 300w, https:\/\/rw-editions.be\/wp-content\/uploads\/2024\/06\/Produit-02-150x150.png 150w\" sizes=\"auto, (max-width: 300px) 100vw, 300px\" \/><a href=\"\/index.php\/wp-json\/wp\/v2\/pages\/2415?add-to-cart=1750\" aria-describedby=\"woocommerce_loop_add_to_cart_link_describedby_1750\" data-quantity=\"1\" class=\"button product_type_simple add_to_cart_button ajax_add_to_cart\" data-product_id=\"1750\" data-product_sku=\"\" aria-label=\"Ajouter au panier\u00a0: &ldquo;Pour No\u00ebl cette ann\u00e9e&rdquo;\" rel=\"nofollow\" data-success_message=\"\u00ab\u00a0Pour No\u00ebl cette ann\u00e9e\u00a0\u00bb a \u00e9t\u00e9 ajout\u00e9 \u00e0 votre panier\">Ajouter au panier<\/a>\t<span id=\"woocommerce_loop_add_to_cart_link_describedby_1750\" class=\"screen-reader-text\">\n\t\t\t<\/span>\n<h2 class=\"woocommerce-loop-product__title\">Pour No\u00ebl cette ann\u00e9e<\/h2>\n\t<span class=\"price\"><span class=\"woocommerce-Price-amount amount\"><bdi><span class=\"woocommerce-Price-currencySymbol\">&euro;<\/span>&nbsp;24,00<\/bdi><\/span><\/span>\n<\/a><\/li>\n<li class=\"product type-product post-2120 status-publish instock product_cat-non-classe has-post-thumbnail taxable shipping-taxable purchasable product-type-simple\">\n\t<a href=\"https:\/\/rw-editions.be\/index.php\/produit\/carnet-2025\/\" class=\"woocommerce-LoopProduct-link woocommerce-loop-product__link\"><img loading=\"lazy\" decoding=\"async\" width=\"300\" height=\"300\" src=\"https:\/\/rw-editions.be\/wp-content\/uploads\/2024\/06\/Produit-04-300x300.png\" class=\"attachment-woocommerce_thumbnail size-woocommerce_thumbnail\" alt=\"Carnet du lutin farceur\" srcset=\"https:\/\/rw-editions.be\/wp-content\/uploads\/2024\/06\/Produit-04-300x300.png 300w, https:\/\/rw-editions.be\/wp-content\/uploads\/2024\/06\/Produit-04-150x150.png 150w, https:\/\/rw-editions.be\/wp-content\/uploads\/2024\/06\/Produit-04-100x100.png 100w\" sizes=\"auto, (max-width: 300px) 100vw, 300px\" \/><a href=\"\/index.php\/wp-json\/wp\/v2\/pages\/2415?add-to-cart=2120\" aria-describedby=\"woocommerce_loop_add_to_cart_link_describedby_2120\" data-quantity=\"1\" class=\"button product_type_simple add_to_cart_button ajax_add_to_cart\" data-product_id=\"2120\" data-product_sku=\"\" aria-label=\"Ajouter au panier\u00a0: &ldquo;Carnet du lutin farceur&rdquo;\" rel=\"nofollow\" data-success_message=\"\u00ab\u00a0Carnet du lutin farceur\u00a0\u00bb a \u00e9t\u00e9 ajout\u00e9 \u00e0 votre panier\">Ajouter au panier<\/a>\t<span id=\"woocommerce_loop_add_to_cart_link_describedby_2120\" class=\"screen-reader-text\">\n\t\t\t<\/span>\n<h2 class=\"woocommerce-loop-product__title\">Carnet du lutin farceur<\/h2>\n\t<span class=\"price\"><span class=\"woocommerce-Price-amount amount\"><bdi><span class=\"woocommerce-Price-currencySymbol\">&euro;<\/span>&nbsp;20,00<\/bdi><\/span><\/span>\n<\/a><\/li>\n<\/ul>\n<\/div>\n","protected":false},"excerpt":{"rendered":"","protected":false},"author":2,"featured_media":0,"parent":0,"menu_order":0,"comment_status":"closed","ping_status":"closed","template":"","meta":{"footnotes":""},"class_list":["post-2415","page","type-page","status-publish","hentry"],"jetpack_sharing_enabled":true,"_links":{"self":[{"href":"https:\/\/rw-editions.be\/index.php\/wp-json\/wp\/v2\/pages\/2415","targetHints":{"allow":["GET"]}}],"collection":[{"href":"https:\/\/rw-editions.be\/index.php\/wp-json\/wp\/v2\/pages"}],"about":[{"href":"https:\/\/rw-editions.be\/index.php\/wp-json\/wp\/v2\/types\/page"}],"author":[{"embeddable":true,"href":"https:\/\/rw-editions.be\/index.php\/wp-json\/wp\/v2\/users\/2"}],"replies":[{"embeddable":true,"href":"https:\/\/rw-editions.be\/index.php\/wp-json\/wp\/v2\/comments?post=2415"}],"version-history":[{"count":7,"href":"https:\/\/rw-editions.be\/index.php\/wp-json\/wp\/v2\/pages\/2415\/revisions"}],"predecessor-version":[{"id":2461,"href":"https:\/\/rw-editions.be\/index.php\/wp-json\/wp\/v2\/pages\/2415\/revisions\/2461"}],"wp:attachment":[{"href":"https:\/\/rw-editions.be\/index.php\/wp-json\/wp\/v2\/media?parent=2415"}],"curies":[{"name":"wp","href":"https:\/\/api.w.org\/{rel}","templated":true}]}}